r?
False
Is 2927 a prime number?
True
Is 263317 a composite number?
True
Is 106133 a prime number?
False
Is 117511 a composite number?
False
Is 79009 a prime number?
False
Is 16547 prime?
True
Is 419579 a composite number?
False
Is 39781 a prime number?
False
Is 349739 a prime number?
False
Is 44179 prime?
True
Is 92801 composite?
False
Is 969301 prime?
True
Is 2349263 prime?
False
Is 756191 composite?
False
Is 9767 composite?
False
Is 17947 a prime number?
False
Is 493 a prime number?
False
Is 36629 composite?
False
Is 157393 composite?
False
Is 15421 a composite number?
True
Is 646253 composite?
False
Is 490279 a prime number?
False
Is 1874 a composite number?
True
Is 12763 a composite number?
False
Is 278543 a prime number?
True
Is 72139 a prime number?
True
Is 5911 prime?
False
Is 25687 prime?
False
Is 79519 a prime number?
False
Is 23843 prime?
False
Is 26153 a composite number?
False
Is 196321 a prime number?
False
Is 10453 a prime number?
True
Is 1725769 a prime number?
False
Is 99277 prime?
True
Is 621899 composite?
True
Is 13327 composite?
False
Is 425143 composite?
True
Is 36827 a prime number?
False
Is 6769 a composite number?
True
Is 62119 composite?
False
Is 219017 composite?
False
Is 5137 prime?
False
Is 107629 a composite number?
True
Is 76247 a prime number?
False
Is 11771 composite?
True
Is 40417 a prime number?
False
Is 1347641 composite?
True
Is 2183 a prime number?
False
Is 193769 a prime number?
False
Is 39335 a prime number?
False
Is 12687 a prime number?
False
Is 590699 a composite number?
True
Is 719 a composite number?
False
Is 6113 a composite number?
False
Is 10291 a prime number?
False
Is 64191 a composite number?
True
Is 789559 a composite number?
True
Is 70427 composite?
True
Is 131038 a prime number?
False
Is 258563 prime?
True
Is 4052469 prime?
False
Is 16381 prime?
True
Is 366161 a prime number?
True
Is 272863 a prime number?
True
Is 11965 composite?
True
Is 4603007 composite?
False
Is 104581 a prime number?
False
Is 789221 a composite number?
False
Is 11369 a composite number?
False
Is 229739 a prime number?
True
Is 649943 composite?
True
Is 658573 composite?
False
Is 352405 a prime number?
False
Is 32771 a prime number?
True
Is 200063 a prime number?
True
Is 358349 prime?
True
Is 23899 prime?
True
Is 18041 a prime number?
True
Is 15493 prime?
True
Is 394141 a composite number?
True
Is 12997 a composite number?
True
Is 31531 composite?
False
Is 452185 composite?
True
Is 22303 a prime number?
True
Is 8737 a composite number?
False
Is 17617 a composite number?
True
Is 1563 a composite number?
True
Is 1496827 composite?
False
Is 402197 a prime number?
True
Is 7349 prime?
True
Is 7115 prime?
False
Is 104267 prime?
False
Is 4791 composite?
True
Is 1008914 prime?
False
Is 200117 prime?
True
Is 88289 a composite number?
False
Is 915337 prime?
False
Is 3449 prime?
True
Is 51257 composite?
False
Is 15689 a composite number?
True
Is 644969 composite?
True
Is 6077 a composite number?
True
Is 120433 prime?
False
Is 693989 prime?
True
Is 56981 prime?
False
Is 5701 prime?
True
Is 3013 a prime number?
False
Is 132659 prime?
False
Is 166235 prime?
False
Is 1643 a composite number?
True
Is 94603 a composite number?
False
Is 23209 a prime number?
True
Is 10529 a composite number?
False
Is 30083 prime?
False
Is 202427 prime?
False
Is 12457 prime?
True
Is 2035759 a composite number?
True
Is 10499 prime?
True
Is 10993 composite?
False
Is 4931 composite?
False
Is 2631 a composite number?
True
Is 202219 composite?
False
Is 493 prime?
False
Is 71987 a composite number?
False
Is 2957 prime?
True
Is 1142 composite?
True
Is 2511779 a composite number?
False
Is 224027 a composite number?
False
Is 8963 a prime number?
True
Is 37949 a composite number?
True
Is 511181 composite?
True
Is 1111901 a prime number?
False
Is 58279 prime?
False
Is 6197 prime?
True
Is 94679 a prime number?
False
Is 34951 a prime number?
False
Is 31747 a composite number?
True
Is 1637 composite?
False
Is 524713 a composite number?
True
Is 1014331 composite?
False
Is 3691 a composite number?
False
Is 79466 prime?
False
Is 1399447 composite?
True
Is 2804377 prime?
True
Is 149827 a prime number?
True
Is 668155 a composite number?
True
Is 136739 a composite number?
False
Is 1727 prime?
False
Is 14509 composite?
True
Is 154001 a prime number?
True
Is 32649 a composite number?
True
Is 13799 a prime number?
True
Is 331559 a prime number?
False
Is 85127 a composite number?
True
Is 3427 a prime number?
False
Is 12097 a prime number?
True
Is 3271 prime?
True
Is 118061 a prime number?
True
Is 479 composite?
False
Is 122819 a composite number?
False
Is 2357 a prime number?
True
Is 321403 a composite number?
False
Is 17103 composite?
True
Is 259099 prime?
True
Is 16381 a prime number?
True
Is 51763 a prime number?
False
Is 2437 a composite number?
False
Is 647 prime?
True
Is 11047 prime?
True
Is 9493 composite?
True
Is 47441 a composite number?
False
Is 4843 a prime number?
False
Is 185065 a composite number?
True
Is 4156099 composite?
True
Is 493707 a prime number?
False
Is 379 composite?
False
Is 16591 a composite number?
True
Is 3341879 a composite number?
False
Is 100397 a composite number?
True
Is 166609 a composite number?
False
Is 27415 prime?
False
Is 29983 a composite number?
False
Is 17023 prime?
False
Is 992659 a prime number?
True
Is 16183 composite?
False
Is 263489 composite?
False
Is 43223 a composite number?
False
Is 17401 a prime number?
True
Is 5077 prime?
True
Is 2503 composite?
False
Is 161017 composite?
False
Is 238223 composite?
False
Is 441697 a composite number?
False
Is 12511 a composite number?
False
Is 5087 prime?
True
Is 113317 a composite number?
True
Is 33679 a composite number?
False
Is 1591 composite?
True
Is 900217 prime?
True
Is 30059 a composite number?
False
Is 5455 a composite number?
True
Is 539339 a composite number?
False
Is 403761 a composite number?
True
Is 45707 composite?
False
Is 396671 a prime number?
False
Is 6521 a prime number?
True
Is 8153 a prime number?
False
Is 9335 a prime number?
False
Is 614311 prime?
False
Is 19639 composite?
True
Is 17287 composite?
True
Is 3107 composite?
True
Is 402299 a composite number?
False
Is 1179637 a composite number?
False
Is 152767 a prime number?
True
Is 15727 a prime number?
True
Is 32401 a composite number?
False
Is 21911 a composite number?
False
Is 132137 prime?
True
Is 69301 a composite number?
True
Is 2069 composite?
False
Is 10033 a prime number?
False
Is 675871 prime?
False
Is 5857 composite?
False
Is 195659 composite?
False
Is 56081 a composite number?
False
Is 206495 a composite number?
True
Is 687 composite?
True
Is 20783 a composite number?
True
Is 9311 a composite number?
False
Is 293357 composite?
False
Is 162433 a prime number?
False
Is 239 a composite number?
False
Is 9871 prime?
True
Is 479801 a composite number?
True
Is 28181 a composite number?
False
Is 194393 a prime number?
False
Is 8321 prime?
False
Is 118999 a composite number?
True
Is 4126 a prime number?
False
Is 2721 composite?
True
Is 1763623 composite?
False
Is 13207463 composite?
False
Is 212777 composite?
False
Is 20441 composite?
False
Is 37897 a composite number?
False
Is 16333 prime?
True
Is 101941 composite?
True
Is 653197 a composite number?
False
Is 1543 a prime number?
True
Is 252803 a composite number?
True
Is 64949 prime?
False
Is 385811 a prime number?
True
Is 380797 prime?
True
Is 627603 prime?
False
Is 53681 composite?
False
Is 2413 a prime number?
False
Is 32467 a composite number?
False
Is 19441 a prime number?
True
Is 63569 prime?
False
Is 7961 composite?
True
Is 219 a composite number?
True
Is 29905 a prime number?
False
Is 274058 composite?
True
Is 1949 prime?
True
Is 99859 prime?
True
Is 3543289 a composite number?
False
Is 96041 composite?
True
Is 70753 a composite number?
False
Is 62243 a composite number?
True
Is 414889 prime?
True
Is 15661 composite?
False
Is 3683 a composite number?
True
Is 12433 a composite number?
False
Is 7234 composite?
True
Is 236377 a composite number?
False
Is 1249 composite?
False
Is 214697 a composite number?
True
Is 53011 a prime number?
False
Is 33591 a prime number?
False
Is 518579 a composite number?
False
Is 41279 composite?
True
Is 62261 composite?
True
Is